ultiple of 9?
False
Does 12 divide 444?
True
Is 39 a factor of 754?
False
Does 14 divide 168?
True
Does 170 divide 29467?
False
Does 13 divide 5785?
True
Is 1716 a multiple of 12?
True
Is 805 a multiple of 33?
False
Is 47 a factor of 7715?
False
Is 228 a factor of 40828?
False
Is 24600 a multiple of 100?
True
Is 5603 a multiple of 96?
False
Is 10336 a multiple of 16?
True
Is 23 a factor of 4618?
False
Is 9 a factor of 752?
False
Does 52 divide 52?
True
Is 28 a multiple of 7?
True
Does 168 divide 38640?
True
Does 15 divide 5907?
False
Does 24 divide 288?
True
Is 27 a factor of 2977?
False
Is 102 a multiple of 6?
True
Is 5663 a multiple of 6?
False
Is 14 a factor of 1274?
True
Does 7 divide 8899?
False
Is 18 a factor of 25257?
False
Does 11 divide 413?
False
Is 1420 a multiple of 10?
True
Does 15 divide 855?
True
Does 65 divide 116285?
True
Is 116 a factor of 72384?
True
Does 33 divide 165?
True
Is 35 a factor of 5317?
False
Is 77479 a multiple of 250?
False
Is 67 a factor of 1943?
True
Is 16049 a multiple of 97?
False
Does 16 divide 6434?
False
Does 32 divide 1145?
False
Is 152 a factor of 5624?
True
Does 136 divide 74165?
False
Does 15 divide 705?
True
Does 14 divide 2338?
True
Does 7 divide 1535?
False
Is 85 a factor of 7010?
False
Is 1521 a multiple of 13?
True
Is 38 a factor of 1938?
True
Is 38611 a multiple of 17?
False
Is 6426 a multiple of 16?
False
Does 11 divide 5557?
False
Does 15 divide 6369?
False
Does 3 divide 2844?
True
Is 1833 a multiple of 23?
False
Is 8868 a multiple of 12?
True
Does 26 divide 1612?
True
Is 49042 a multiple of 62?
True
Does 84 divide 1512?
True
Is 94 a multiple of 4?
False
Is 89 a factor of 43665?
False
Is 1006 a multiple of 13?
False
Does 4 divide 15176?
True
Is 13 a factor of 5238?
False
Is 106 a multiple of 21?
False
Does 6 divide 57?
False
Is 117 a multiple of 9?
True
Is 59236 a multiple of 236?
True
Does 53 divide 5300?
True
Is 198 a multiple of 13?
False
Is 2 a factor of 97?
False
Is 270 a multiple of 10?
True
Is 885 a multiple of 15?
True
Does 14 divide 30?
False
Does 8 divide 8954?
False
Does 64 divide 88568?
False
Is 107 a factor of 2889?
True
Is 1431 a multiple of 10?
False
Is 17 a factor of 5610?
True
Is 3726 a multiple of 3?
True
Is 643 a multiple of 17?
False
Is 68 a factor of 25995?
False
Does 37 divide 555?
True
Is 50 a factor of 2200?
True
Does 4 divide 699?
False
Is 4704 a multiple of 147?
True
Does 73 divide 1684?
False
Is 4312 a multiple of 8?
True
Is 1897 a multiple of 7?
True
Does 9 divide 39?
False
Is 2109 a multiple of 57?
True
Is 1584 a multiple of 72?
True
Does 73 divide 60517?
True
Is 252 a multiple of 21?
True
Is 15 a factor of 176570?
False
Is 16 a factor of 624?
True
Does 101 divide 404?
True
Is 43 a factor of 172?
True
Is 3 a factor of 3919?
False
Does 12 divide 3446?
False
Is 58 a factor of 3540?
False
Is 11832 a multiple of 87?
True
Is 4 a factor of 8551?
False
Is 9 a factor of 15552?
True
Is 21 a factor of 30866?
False
Does 9 divide 900?
True
Does 39 divide 4836?
True
Is 1776 a multiple of 148?
True
Is 50 a factor of 1400?
True
Is 8228 a multiple of 8?
False
Is 28 a factor of 1664?
False
Is 12 a factor of 12?
True
Is 395 a multiple of 5?
True
Is 21 a factor of 28327?
False
Is 19 a factor of 31312?
True
Is 7536 a multiple of 48?
True
Is 1447 a multiple of 5?
False
Does 100 divide 3400?
True
Is 1380 a multiple of 22?
False
Is 81 a multiple of 2?
False
Is 1429 a multiple of 99?
False
Is 6 a factor of 95?
False
Is 11 a factor of 542?
False
Is 7 a factor of 296?
False
Does 17 divide 8672?
False
Is 231 a multiple of 3?
True
Is 12 a factor of 8352?
True
Is 2475 a multiple of 165?
True
Is 9 a factor of 599?
False
Does 65 divide 69875?
True
Is 542 a multiple of 28?
False
Is 144 a factor of 144?
True
Does 70 divide 3085?
False
Is 68 a factor of 408?
True
Is 80808 a multiple of 39?
True
Is 26 a factor of 3952?
True
Is 24768 a multiple of 32?
True
Is 5 a factor of 98?
False
Is 40 a factor of 1312?
False
Is 12 a factor of 10512?
True
Does 9 divide 6155?
False
Is 86 a factor of 946?
True
Is 4751 a multiple of 3?
False
Is 18935 a multiple of 10?
False
Is 20736 a multiple of 8?
True
Is 44 a factor of 15092?
True
Is 12 a factor of 5131?
False
Does 4 divide 148?
True
Is 544 a multiple of 8?
True
Does 79 divide 2133?
True
Is 1728 a multiple of 9?
True
Is 10 a factor of 44310?
True
Is 18 a factor of 864?
True
Does 280 divide 37520?
True
Is 3520 a multiple of 220?
True
Is 14427 a multiple of 16?
False
Is 33 a factor of 63497?
False
Is 37 a factor of 2702?
False
Is 12595 a multiple of 35?
False
Is 44 a factor of 13916?
False
Is 1421 a multiple of 2?
False
Is 30 a multiple of 20?
False
Does 2 divide 1731?
False
Is 9670 a multiple of 90?
False
Does 26 divide 467?
False
Is 7 a factor of 140?
True
Does 10 divide 653?
False
Is 49305 a multiple of 95?
True
Is 1824 a multiple of 4?
True
Does 13 divide 19565?
True
Is 441 a multiple of 2?
False
Is 12 a factor of 228?
True
Does 7 divide 103?
False
Is 7600 a multiple of 50?
True
Is 9 a factor of 984?
False
Is 30 a factor of 145?
False
Does 70 divide 25130?
True
Does 42 divide 406?
False
Does 4 divide 144?
True
Is 2128 a multiple of 152?
True
Does 115 divide 23575?
True
Is 1912 a multiple of 21?
False
Is 19874 a multiple of 20?
False
Is 5071 a multiple of 121?
False
Does 2 divide 9671?
False
Is 42590 a multiple of 15?
False
Is 39328 a multiple of 118?
False
Is 5 a factor of 140?
True
Is 2 a factor of 15867?
False
Does 38 divide 114?
True
Is 314 a multiple of 4?
False
Is 39 a factor of 20982?
True
Is 11 a factor of 176?
True
Is 49 a factor of 196?
True
Does 19 divide 2005?
False
Is 722 a multiple of 18?
False
Is 238 a multiple of 7?
True
Does 22 divide 17468?
True
Is 63 a factor of 3547?
False
Does 11 divide 1065?
False
Is 48 a factor of 51?
False
Is 10 a factor of 18?
False
Is 10 a factor of 304?
False
Does 92 divide 92?
True
Does 20 divide 1440?
True
Does 17 divide 442?
True
Is 13954 a multiple of 152?
False
Does 17 divide 420?
False
Does 9 divide 7038?
True
Is 2580 a multiple of 129?
True
Is 30 a factor of 4740?
True
Is 11628 a multiple of 76?
True
Does 3 divide 74?
False
Does 9 divide 48?
False
Is 1240 a multiple of 40?
True
Is 7 a factor of 5114?
False
Is 36 a factor of 4238?
False
Is 9057 a multiple of 130?
False
Is 11 a factor of 59532?
True
Does 5 divide 37875?
True
Does 13 divide 1261?
True
Is 936 a multiple of 24?
True
Is 1035 a multiple of 15?
True
Does 73 divide 146?
True
Is 30 a factor of 810?
True
Does 23 divide 20815?
True
Is 34230 a multiple of 42?
True
Is 240 a multiple of 8?
True
Does 13 divide 1534?
True
Does 265 divide 10297?
False
Is 480 a multiple of 15?
True
Is 24045 a multiple of 229?
True
Is 5880 a multiple of 168?
True
Does 91 divide 11261?
False
Is 11 a factor of 385?
True
Is 12 a factor of 2544?
True
Does 31 divide 1770?
False
Is 22 a factor of 4136?
True
Is 1678 a multiple of 19?
False
Is 10790 a multiple of 8?
False
Does 19 divide 32357?
True
Does 110 divide 140690?
True
Does 3 divide 262?
False
Is 15 a factor of 10394?
False
Is 97 a factor of 388?
True
Is 5871 a multiple of 23?
False
Is 667 a multiple of 29?
True
Does 118 divide 21180?
False
Is 24 a factor of 720?
True
Is 13 a factor of 7020?
True
Is 661 a multiple of 5?
False
Is 1245 a multiple of 15?
True
Is 11 a factor of 955?
False
Is 2 a factor of 125?
False
Is 9 a factor of 3258?
True
Does 9 divide 45?
True
Does 60 divide 420?
True
Does 17 divide 17723?
False
Does 17 divide 11305?
True
Does 17 divide 100014?
False
Is 17221 a multiple of 8?
False
Is 15 a factor of 10102?
False
Is 15 a factor of 804?
False
Is 12 a factor of 1697?
False
Does 5 divide 139?
False
Does 43 divide 28810?
True
Does 11 divide 28756?
False
Is 62 a factor of 29522?
False
Is 25 a factor of 5450?
True
Is 1525 a multiple of 25?
True
Is 1727 a multiple of 11?
True
Is 11 a factor of 154?
True
Does 21 divide 5926?
False
Does 12 divide 560?
False
Is 487 a multiple of 11?
False
Does 90 divide 3476?
False
Is 599 a multiple of 2?
False
Is 10 a factor of 2080?
True
Is 48052 a multiple of 42?
False
Does 11 divide 40920?
True
Is 9 a factor of 5207?
False
Is 58969 a multiple of 84?
False
Does 49 divide 8254?
False
Does 48 divide 384?
True
Is 3272 a multiple of 8?
True
Is 11 a factor of 376?
False
Does 51 divide 40